l - 0. What is the greatest common factor of b and l?
5
Let b be (-3)/9*0*(-9)/(-18). Suppose -11*j + 1287 - 242 = b. What is the greatest common factor of j and 76?
19
Let v be 4386*12/(-36)*3/(-2). What is the highest common factor of 153 and v?
51
Suppose 2*c - 97 = c - 2*l, 3*l = c - 87. Suppose -j + 51 = -c. What is the greatest common factor of 12 and j?
12
Suppose -17*y + 162319 - 40650 = 0. Calculate the greatest common factor of 17 and y.
17
Let r = 4445 - 3543. What is the highest common divisor of r and 44?
22
Let m(d) = -30*d - 4. Let s be m(-3). Let c = s - 44. Suppose -2*p = 3*v - 890, -p = -2*v + 164 + 420. Calculate the highest common divisor of v and c.
42
Suppose 14 = 129*d - 127*d. Suppose -7*u - d + 56 = 0. What is the greatest common divisor of 35 and u?
7
Suppose -2*k + 5 - 11 = 0, -3*r + 2*k = -4326. Calculate the greatest common factor of 320 and r.
160
Suppose -21 = -h + 4*s, -3*s + 4*s = -5*h + 42. Let j = -3559 - -3571. What is the highest common divisor of j and h?
3
Let y = -111 - -147. Let j = y + -34. Let x be 24 + 3 + -5 + j. Calculate the greatest common divisor of 72 and x.
24
Let f(j) = 165*j + 1382. Let b be f(-8). Suppose -q - 4*q = -35. Suppose a + w - 21 = q, -a + w + 34 = 0. What is the greatest common divisor of b and a?
31
Let f be (-8 - -9)/((-1)/(-16)). Suppose -3978 = -f*x - x. What is the highest common factor of 52 and x?
26
Let h(u) = u**2 - 14*u - 164. Let g be h(-8). Let q(s) = 32*s - 375. Let m be q(g). What is the greatest common factor of m and 711?
9
Suppose u - 474 = -4*d - 357, -107 = -3*d + 2*u. Let m be 2 - (-4 - -3) - -1. Calculate the greatest common factor of d and m.
1
Suppose 3*r = -4*g + 917, r + 7*g = 2*g + 324. Suppose -302 = -16*n + 434. Calculate the highest common divisor of n and r.
23
Suppose -29*b - 41*b = -4291 - 1869. What is the highest common divisor of 748 and b?
44
Let m be (-2 - -6) + -9 + 566. Let o = 611 - m. Suppose -3*s = 4*a - 114, 5*a = s + 2*s + 156. What is the highest common factor of o and a?
10
Let w(h) = 10*h - 25. Let v be w(3). Suppose v*r - 2*s - 38 - 3 = 0, 0 = -s + 2. Calculate the highest common factor of r and 153.
9
Let n = 1004 + -986. Let o = 1 - -98. What is the highest common factor of o and n?
9
Suppose 4*z + 151 - 409 + 82 = 0. Calculate the greatest common factor of z and 1804.
44
Let u be (-36)/(-8)*(-36)/(-27). Suppose -4*k - t = -735, 4*t = -k + u*t + 186. What is the highest common factor of 23 and k?
23
Suppose -216 = 5*d - 2*y, -2*d - 76 = -5*y + 23. Let c = d - -55. Let g be -1*(-3)/3*169. What is the greatest common divisor of c and g?
13
Suppose -78*r + 29519 = 9239. What is the highest common divisor of r and 3510?
130
Suppose 5*x = 4*l - 15, -2*l + 4 = -5*x + 9. Let q(y) = y**2 - 13*y - 14. Let c be q(15). Calculate the highest common divisor of l and c.
2
Let h be 3/(-6) - ((-414)/4 + 486/(-54)). Calculate the highest common factor of 8688 and h.
16
Let x = -10 - -23. Let o be (543/18 - 1) + x/(-78). What is the greatest common factor of o and 841?
29
Suppose -y = 2*h - 189 + 47, 3*h - 206 = 2*y. Calculate the highest common factor of 3514 and h.
14
Suppose -4*u + 1185 = -3*z, -3*z = 4*u - 162 - 1053. Let q be (8/(-12))/(-1 + (-17)/(-18)). Calculate the greatest common divisor of u and q.
12
Let s = 345 + -245. Let k be 30/(-6) + (-121)/(-11) + 14. Calculate the highest common factor of k and s.
20
Let r = -6433 - -6448. Calculate the highest common divisor of 65 and r.
5
Suppose 0 = 83*h - 90*h + 5222. Let y = 797 - h. Suppose -5*b + 255 = -0*b. What is the greatest common factor of b and y?
51
Suppose -29 = -2*r + 15. Suppose -10*b + 380 = -8*b. Suppose t - 5 = 0, 3*t - 177 = -2*s + b. What is the greatest common factor of s and r?
22
Suppose -5*f + 88 = -4*v, 6*v = 8*v - 6. Let x(y) = -4*y. Let g be x(-10). What is the highest common divisor of g and f?
20
Let u = -17 - -38. Let z(l) = -l. Let i be z(-5). Suppose -5*p = 5*w - 325, 2*w + 0*w = i*p - 311. Calculate the greatest common factor of p and u.
21
Suppose -4*c + 23 = -p, 14*c - 3*p + 27 = 18*c. Suppose 0*a - 2*a = c, -108 = -4*x - 4*a. Calculate the highest common factor of x and 18.
6
Let d be 2*1/(0 - -1). Let l = d + 14. Let b = 7 + l. Calculate the greatest common divisor of 184 and b.
23
Suppose -12*a + 20*a = 96. Let w(u) = 18*u**3 - 4*u**2 + 4*u - 4. Suppose -p - 7*p = -16. Let c be w(p). Calculate the greatest common factor of a and c.
12
Let n(s) = -s**3 + 6*s**2 + 14*s + 1. Let d be n(-7). Suppose 0 = -28*k + 26*k + d. What is the highest common divisor of 108 and k?
54
Let y(v) = -30*v - 101. Let u be y(-4). Let c(o) = o**3 - 19*o**2 + 10. Let t be c(u). What is the greatest common factor of 110 and t?
10
Let z(l) = l**3 + l**2 - l - 2. Let k be z(3). Suppose 5*q + 6 - k = 0. Suppose -6*d + 75 + 135 = 0. What is the greatest common factor of q and d?
5
Let i be (8 + 43)/(-1 + 2). Suppose 5*g - m = -54, 0 = g - 3*g + m - 21. Let r = 57 - g. Calculate the highest common divisor of r and i.
17
Let i be 219/75 - (-18)/225. Let h(q) = 11*q**2 - q - 1. Let x be h(i). Calculate the greatest common factor of 5 and x.
5
Let b(g) = -2*g**3 + 14*g**2 - 9*g + 4. Let o be b(5). Let t = o + -46. Calculate the highest common divisor of t and 65.
13
Let m(o) = 2*o**3 + 31*o**2 - 54*o + 21. Let d be m(-17). Calculate the greatest common factor of d and 232.
8
Suppose 3*q = -2*q + 5*d + 5270, q + 3*d - 1038 = 0. What is the highest common factor of q and 28?
14
Suppose -3*m + 3*x + 89 = 74, -10 = -2*x. What is the highest common factor of 6830 and m?
10
Let r be 9*-34*12/612*-18. Let t be (-2)/6 + (-112)/(-3). Let s be t/(0 - -1) + -1. What is the greatest common divisor of s and r?
36
Let z(l) be the third derivative of l**4/6 + 33*l**3/2 + 4*l**2 - 4*l. Let v be z(-19). Calculate the highest common factor of v and 299.
23
Suppose 7 = 3*i + 1, -5*f = -2*i - 111. Suppose 280 = -21*t + f*t. Suppose -t = -8*k - 28. Calculate the greatest common factor of 14 and k.
14
Let u be (-1150105)/(-44) + -12 + 12 - 9/12. What is the greatest common factor of 14 and u?
14
Let q(f) = -59*f - 282. Let y be q(-6). Calculate the greatest common factor of 1116 and y.
36
Suppose -4291 = -3*i + 9*z + 6818, -i + 3647 = 5*z. Calculate the highest common factor of i and 56.
14
Let o(v) = -70*v**2 + 381*v - 2. Let c be o(2). Calculate the highest common factor of 465 and c.
15
Let g(q) = -q**3 - 14*q**2 - 10*q - 14. Let v be g(-6). Let z = v - -359. Calculate the highest common divisor of 9 and z.
9
Let i(a) = a**2 + 73*a - 925. Let p be i(15). What is the greatest common factor of 316 and p?
79
Let j be (71 - 3/(-3)) + -2. Let n = 80 - j. Let z be 2/n + (-162)/(-15). Calculate the highest common divisor of 11 and z.
11
Suppose 1994 = 4*b - 18*o + 21*o, -3*b + o + 1502 = 0. Calculate the highest common divisor of 40 and b.
20
Let c be (9*36/(-21))/(2/84*-6). Calculate the highest common factor of c and 4188.
12
Suppose 0 = -2*c - 10, a + c = 4*c + 15. Let j(o) = -41*o + a*o**3 + 6 + 42*o - 6*o**2 + o**3. Let q be j(6). Calculate the greatest common factor of 96 and q.
12
Let i(p) = -87*p - 70*p + 270 + 149*p. Let u be i(32). What is the greatest common factor of u and 70?
14
Suppose 2*c - 2*p - 502 = 0, -3*p + 482 = 2*c - 0*p. Calculate the greatest common divisor of 156 and c.
13
Suppose 3*r - 2*r = 26. Suppose 0 = -12*f - 383 - 373. Let k be (-105)/f*6/5. Calculate the highest common factor of k and r.
2
Let m(u) = u**3 - 76*u**2 - 1056*u + 115. Let i be m(88). What is the highest common divisor of 4945 and i?
115
Suppose 3*z + 2*g = 20486, -3*z = -8*g + 6*g - 20494. Calculate the greatest common factor of z and 5.
5
Suppose 28*v - 30*v - 10 = 0, -5*v - 31995 = -5*r. Calculate the greatest common divisor of r and 556.
278
Suppose -3*p - 23415 = -5*h, -12504 + 3138 = -2*h + p. What is the highest common divisor of h and 21?
21
Suppose -3*v - 833 = -s, 5*v = -4*s + 4026 - 609. What is the highest common divisor of 530 and s?
106
Let j(f) = 2*f**2 + 4*f - 13. Let s be j(-5). Let t be (-23)/((0 - -1)*-1). Let v = t - s. What is the highest common divisor of v and 66?
6
Let x = -16547 - -16659. Calculate the highest common factor of 364 and x.
28
Suppose 14*a - 17*a = -1539. Suppose -76 = -19*w +